335?
3
What is the tens digit of 13097?
9
What is the hundreds digit of 9716?
7
What is the hundreds digit of 150?
1
What is the thousands digit of 2351?
2
What is the tens digit of 31611?
1
What is the hundreds digit of 3917?
9
What is the thousands digit of 1454?
1
What is the tens digit of 823?
2
What is the ten thousands digit of 83122?
8
What is the tens digit of 40830?
3
What is the thousands digit of 14711?
4
What is the tens digit of 29069?
6
What is the thousands digit of 124568?
4
What is the units digit of 5220?
0
What is the ten thousands digit of 99530?
9
What is the units digit of 5240?
0
What is the units digit of 8798?
8
What is the hundreds digit of 108?
1
What is the thousands digit of 8513?
8
What is the units digit of 9493?
3
What is the thousands digit of 9218?
9
What is the tens digit of 9722?
2
What is the hundreds digit of 848?
8
What is the tens digit of 4101?
0
What is the units digit of 756?
6
What is the tens digit of 35?
3
What is the hundreds digit of 572?
5
What is the thousands digit of 1086?
1
What is the ten thousands digit of 17946?
1
What is the thousands digit of 2796?
2
What is the units digit of 10?
0
What is the thousands digit of 8035?
8
What is the tens digit of 1859?
5
What is the tens digit of 4597?
9
What is the units digit of 11498?
8
What is the thousands digit of 3043?
3
What is the units digit of 3911?
1
What is the units digit of 16060?
0
What is the tens digit of 996?
9
What is the hundreds digit of 549?
5
What is the thousands digit of 53203?
3
What is the units digit of 1199?
9
What is the thousands digit of 18806?
8
What is the tens digit of 1006?
0
What is the hundreds digit of 1454?
4
What is the tens digit of 6346?
4
What is the units digit of 723?
3
What is the thousands digit of 4396?
4
What is the thousands digit of 3326?
3
What is the tens digit of 3162?
6
What is the thousands digit of 51192?
1
What is the units digit of 332?
2
What is the thousands digit of 111782?
1
What is the thousands digit of 2090?
2
What is the hundreds digit of 5570?
5
What is the units digit of 155?
5
What is the tens digit of 3100?
0
What is the units digit of 851?
1
What is the units digit of 1029?
9
What is the thousands digit of 2434?
2
What is the units digit of 885?
5
What is the thousands digit of 13796?
3
What is the ten thousands digit of 21524?
2
What is the thousands digit of 8590?
8
What is the tens digit of 3217?
1
What is the hundreds digit of 629?
6
What is the units digit of 1943?
3
What is the units digit of 8020?
0
What is the units digit of 1887?
7
What is the ten thousands digit of 22050?
2
What is the units digit of 15959?
9
What is the hundreds digit of 1239?
2
What is the hundreds digit of 13464?
4
What is the units digit of 2823?
3
What is the hundreds digit of 13476?
4
What is the hundreds digit of 10184?
1
What is the thousands digit of 1423?
1
What is the ten thousands digit of 35253?
3
What is the ten thousands digit of 99795?
9
What is the ten thousands digit of 118450?
1
What is the thousands digit of 4838?
4
What is the tens digit of 6698?
9
What is the units digit of 4336?
6
What is the thousands digit of 1470?
1
What is the thousands digit of 3220?
3
What is the hundreds digit of 50172?
1
What is the hundreds digit of 844?
8
What is the units digit of 106573?
3
What is the hundreds digit of 37050?
0
What is the units digit of 24?
4
What is the hundreds digit of 982?
9
What is the units digit of 38?
8
What is the tens digit of 1305?
0
What is the hundreds digit of 567?
5
What is the units digit of 66142?
2
What is the units digit of 4480?
0
What is the units digit of 50757?
7
What is the hundred thousands digit of 126195?
1
What is the hundreds digit of 2250?
2
What is the units digit of 10229?
9
What is the units digit of 539?
9
What is the thousands digit of 3251?
3
What is the hundreds digit of 2353?
3
What is the hundreds digit of 1390?
3
What is the tens digit of 40975?
7
What is the hundreds digit of 54364?
3
What is the units digit of 943?
3
What is the tens digit of 1422?
2
What is the hundreds digit of 1425?
4
What is the thousands digit of 17104?
7
What is the hundreds digit of 14298?
2
What is the units digit of 766?
6
What is the tens digit of 32853?
5
What is the hundreds digit of 20857?
8
What is the hundreds digit of 263?
2
What is the hundreds digit of 8969?
9
What is the tens digit of 24088?
8
What is the hundreds digit of 305?
3
What is the hundreds digit of 2075?
0
What is the units digit of 9543?
3
What is the units digit of 16432?
2
What is the units digit of 974?
4
What is the hundreds digit of 1315?
3
What is the tens digit of 16836?
3
What is the hundreds digit of 2003?
0
What is the units digit of 65512?
2
What is the hundreds digit of 35836?
8
What is the thousands digit of 21341?
1
What is the tens digit of 111886?
8
What is the ten thousands digit of 26048?
2
What is the ten thousands digit of 26761?
2
What is the hundreds digit of 1603?
6
What is the hundreds digit of 7760?
7
What is the tens digit of 2074?
7
What is the hundreds digit of 6906?
9
What is the thousands digit of 18792?
8
What is the hundreds digit of 411?
4
What is the units digit of 980?
0
What is the units digit of 267?
7
What is the thousands digit of 1646?
1
What is the thousands digit of 18386?
8
What is the hundreds digit of 930?
9
What is the thousands digit of 4885?
4
What is the hundreds digit of 3508?
5
What is the tens digit of 357?
5
What is the tens digit of 1640?
4
What is the units digit of 2368?
8
What is the hundreds digit of 92290?
2
What is the units digit of 32896?
6
What is the hundreds digit of 183960?
9
What is the thousands digit of 9554?
9
What is the hundred thousands digit of 116222?
1
What is the hundreds digit of 1122?
1
What is the tens digit of 31065?
6
What is the tens digit of 14?
1
What is the thousands digit of 17545?
7
What is the tens digit of 3233?
3
What is the units digit of 999?
9
What is the hundreds digit of 679?
6
What is the hundreds digit of 11080?
0
What is the thousands digit of 14771?
4
What is the units digit of 87833?
3
What is the thousands digit of 104694?
4
What is the hundreds digit of 46227?
2
What is the hundreds digit of 1464?
4
What is the tens digit of 1922?
2
What is the hundreds digit of 2046?
0
What is the ten thousands digit of 60721?
6
What is the hundreds digit of 2234?
2
What is the hundreds digit of 204?
2
What is the tens digit of 1656?
5
What is the thousands digit of 16887?
6
What is the hundreds digit of 1672?
6
What is the thousands digit of 5267?
5
What is the tens digit of 190?
9
What is the hundreds digit of 447?
4
What is the tens digit of 98?
9
What is the tens digit of 14279?
7
What is the thousands digit of 88824?
8
What is the units digit of 1333?
3
What is the units digit of 1613?
3
What is the thousands digit of 5465?
5
What is the thousands digit of 2657?
2
What is the units digit of 2056?
6
What is the units digit of 14222?
2
What is the tens digit of 26?
2
What is the ten thousands digit of 71361?
7
What is the tens digit of 736?
3
What is the units digit of 1371?
1
What is the tens digit of 16218?
1
What is the tens digit of 14001?
0
What is the thousands digit of 187979?
7
What is the tens digit of 11033?
3
What is the tens digit of 15152?
5
What is the units digit of 3509?
9
What is the units digit of 5127?
7
What is the tens digit of 161?
6
What is the ten thousands digit of 20572?
2
What is the thousands digit of 5432?
5
What is the units digit of 60?
0
What is the tens digit of 103451?
5
What is the units digit of 1403?
3
What is the tens digit of 8084?
8
What is the ten thousands digit of 33943?
3
What is the units digit of 12975?
5
What is the units digit of 8882?
2
What is the units digit of 322?
2
What is the tens digit of 932?
3
What is the tens digit of 652?
5
What is the units digit of 35090?
0
What is the hundreds digit of 111457?
4
What is the hundreds digit of 40505?
5
What is the tens digit of 6491?
9
What is the units digit of 38204?
4
What is the tens digit of 77?
7
What is the thousands digit of 87897?
7
What is the ten thousands digit of 34688?
3
What is the ten thousands digit of 79442?
7
What is the hundreds digit of 3753?
7
What is the hundreds digit of 23043?
0
What is